ts digit of f?
6
Let o be (-33245)/35 + 6/(-42). Let k = o - -679. Let r = k - -463. What is the tens digit of r?
9
Let n(t) = 737*t**2 - 68*t - 541. What is the ten thousands digit of n(-7)?
3
Let s(c) = 19*c**2 + 6*c. Let j(f) = f**2 - f - 1. Let i(o) = -3*j(o) - s(o). Let m(t) be the first derivative of i(t). What is the tens digit of m(-1)?
4
Let t be 159/(-6)*(-6 - -4). Suppose 6*f = -t + 473. What is the tens digit of f?
7
Let i be ((-7412)/14 + 4)/((-9)/63). Suppose 2*g + i = 3*j, 5*g = 4*j - 1370 - 3534. What is the hundreds digit of j?
2
Let n(v) = 16*v + 179. Let u be n(-11). Suppose u*p + 10*i - 5*i - 760 = 0, -225 = -p + 4*i. What is the hundreds digit of p?
2
Suppose 26268 = 4*r - 3*s, 371*s + 26276 = 4*r + 370*s. What is the tens digit of r?
7
Let k be 1/(-3)*-9887 + 20/(-30). Suppose 0 = -21*y + 2396 + k. What is the hundreds digit of y?
2
Let i be (-3405)/(-7) + (-88)/(-154). Let n = i - 281. What is the units digit of n?
6
Let r(i) = i**2 + 4*i + 1. Let c be r(-6). Let y(t) be the second derivative of t**4/6 - 14*t**3/3 + 29*t**2/2 + 253*t. What is the units digit of y(c)?
3
Suppose -433*k - 14976621 = -52968907. What is the thousands digit of k?
7
Let a = 0 + -4. Suppose 0 = c + 5*n - 5, -6*n = 5*c - n + 55. What is the units digit of 40/c + a/(-6) + 144?
2
Suppose -4*p = -d + 2, 3*d = 4*d - 2. Suppose -38*q + 12920 = -p*q. What is the tens digit of q?
4
Suppose -410 = -29*u + 83. Suppose 138 = 20*v - u*v. What is the units digit of v?
6
Let i(q) = 162*q**2 + 1. Let t = -20 - -21. Let g be i(t). Suppose 2*d - g = -4*l + 113, -5*d - 91 = -l. What is the units digit of l?
1
Let i = 35 - 30. Suppose -10 = -i*u, 0*n = 3*n - 4*u - 3214. What is the tens digit of n?
7
Let y be (224/(-40))/((-4)/470). Let i = 199 + y. What is the tens digit of i?
5
What is the units digit of -7*(-2*4222/76 - (-120)/1140)?
7
Suppose -1328699 = -214*f + 6868785. What is the tens digit of f?
0
Suppose 3*a = -o + 60, 6*o = 3*o - 4*a + 165. Let n be (0 + -2)/((-34)/o). Suppose 5*u = -n*x + 126, 5*u - 42 = -x + u. What is the tens digit of x?
4
Suppose -24*m = -21437 - 45019 + 2784. What is the units digit of m?
3
Suppose -3*v + 5*u = -128 + 2, 2*v + 2*u - 68 = 0. Let h = v - 17. Suppose h - 116 = -2*c. What is the tens digit of c?
4
Suppose -2*i = 2*i + 16. What is the tens digit of 6 + (-7 - i) + 292?
9
Let g(t) = 4486*t + 138. What is the units digit of g(2)?
0
Let w(d) = 7 + 2 + 394*d**2 - 8*d - 305*d**2 + 387*d**2. What is the hundreds digit of w(1)?
4
Let n(f) be the second derivative of -127*f**5/10 - f**4/6 - f**3/3 - f**2/2 - 47*f + 1. What is the units digit of n(-1)?
3
Let f = -26219 + 44799. What is the tens digit of f?
8
Suppose -3*u = -0*u - 2*c - 13, -c + 25 = 3*u. Let h(n) = 57*n - 26. What is the units digit of h(u)?
3
Let h(f) = -6*f**3 - 45*f**2 + f - 22. What is the hundreds digit of h(-8)?
1
Suppose -36 - 264 = 10*i. Let a be 4/i + 404/(-90)*-78. Suppose 16*b = 14*b + a. What is the tens digit of b?
7
Let s(d) = -d**2 + 15*d - 54. Let b be s(7). Suppose -b*a - 3*a - 300 = 0. What is the units digit of (1 - 3)*(3 + a)?
4
Let j be ((9 - 16) + 1)/(3/(-2)). Suppose 16 = j*r, o - r - 786 = -2*r. What is the hundreds digit of o?
7
Let m be 11 + (-5)/(-5)*-1. Suppose m = 2*w - 4*p, 2*w - 15 = -2*w + 3*p. Suppose 0 = -y - w*y + 276. What is the units digit of y?
9
Let b(p) = -2*p**3 - p**2 + 4*p + 36. Let f(l) = 27*l - 141. Let h be f(5). What is the hundreds digit of b(h)?
4
Let w = 1683 + 2688. What is the tens digit of w?
7
Suppose -69*s = -51*s - 64386. What is the thousands digit of s?
3
Let o(y) = 71*y**2 - y - 6. Let a = 124 + -126. What is the units digit of o(a)?
0
Let q be 8/(-4 + (-330)/(-82)). Let u = 3 + q. What is the units digit of u?
1
Suppose 0*l - c = -l + 33, -5*l + 145 = -c. Let v(p) = -13*p + l*p - 21*p + 23. What is the tens digit of v(-11)?
8
Suppose 5*r - 4*a - 3016 = 0, 5*r = 3*a + 512 + 2500. Suppose -6*l - 9*l + r = 0. What is the units digit of l?
0
Let h be 22/(-14) + (-7)/(-196)*-12. What is the hundreds digit of (-20709)/(-54) - 1/h?
3
Suppose 3*m - 10 = 3*v - 7, 4*v - 1 = 3*m. Suppose l = -v*s + 1741, -4*s + 2136 - 405 = -l. What is the hundreds digit of s?
4
Let i = 10508 - 5901. What is the thousands digit of i?
4
Let y(c) = c**2 - 16*c + 34. Let j be y(14). What is the tens digit of (11/((-385)/756))/(j/(-75))?
7
Suppose -13 = -5*m + 7. Let h be 0/(m*(-3)/6). Suppose -5*t + 2*t = 15, h = -f - 5*t + 78. What is the tens digit of f?
0
Suppose -4*o + 981 = -307. Suppose -h + 3*x + 85 = -225, h + 3*x - o = 0. What is the hundreds digit of h?
3
Let q be 55/66 + 41/(-6). What is the tens digit of q/4*(-1854)/9?
0
Suppose 29*c - 504737 = 222351. What is the thousands digit of c?
5
Let h(o) = -o**3 - 2*o**2 + 5*o + 2. Let d be h(-4). Let a(r) = -13*r + 43*r - 16 - 11 - 13*r - 8*r. What is the units digit of a(d)?
9
Suppose -c - 1013 = -188. Let x = -497 - c. What is the tens digit of x?
2
Let o(z) = z**3 - 11*z**2 + 10*z - 32. Suppose -5*w = 5*d - 60, -2*d = -6*d + w + 43. What is the tens digit of o(d)?
7
Let s be 1 + (14/(-8))/7*-4. Suppose 303 + 742 = 5*i - h, s*h = -2*i + 406. What is the tens digit of i?
0
Let z be (8/10)/(1503/495 - 3). What is the tens digit of z/((-34)/45 + 12/15)?
9
Let u be 5*(82 - -1) - (3 + 4). Suppose 6*a - 2*a - 2*j = 0, -2*j = -a. Suppose a = 5*h - h - u. What is the hundreds digit of h?
1
Let m(h) = 251*h**2 - 9*h - 8. Let x be m(-1). Suppose 238 = 5*z - x. What is the units digit of z?
8
Let j = 16227 - -61018. What is the ten thousands digit of j?
7
Let b(p) be the first derivative of -9*p**4/2 + p**3 - 2*p - 26. Let q be b(-1). Suppose -q*u + 8*u = -1441. What is the hundreds digit of u?
1
Let v be 0 + (-7)/((-21)/18) + -2. Suppose 7*y = v*y + 348. What is the hundreds digit of y?
1
Suppose 0 = -18*v - 9*v + 15525. Let i = v - 317. What is the tens digit of i?
5
Let a(l) = -l**2 + 14*l - 19. Let d be a(13). Let f be (-12)/(-1)*((-2)/d - 0). What is the tens digit of (-3)/(6/f) + (-112)/(-2)?
5
Suppose -4*t = -2*s - 2572 + 6438, -s + 1891 = 4*t. What is the units digit of s?
9
Let a(w) = -3. Let s(l) = 35*l + 91. Let q(k) = 7*a(k) - s(k). What is the thousands digit of q(-35)?
1
Suppose 252*c - 1092936 = 148*c. What is the thousands digit of c?
0
Let w = 6117 - -1545. What is the tens digit of w?
6
Let o be 86*(6 - 2 - 5). Let s = 277 + o. What is the tens digit of s?
9
Suppose 2*i = 6*i. Suppose -5*n + 13*n - 360 = i. Suppose -9*v - 18 = -n. What is the units digit of v?
3
Let f(t) = -7*t + 75. Let r be f(11). What is the tens digit of ((3 - -6) + -10)/(r/794)?
9
Let j = -765 + 796. What is the hundreds digit of (-221)/(j/18*-3 + 5)?
3
Let k = 38550 - 10318. What is the units digit of k?
2
Let t = -13 + -3. Let b be 2*(-2)/(-16) - 572/t. Suppose 10*a - b = 7*a. What is the units digit of a?
2
Suppose -14*x + 67*x = -x + 1818450. What is the thousands digit of x?
3
What is the ten thousands digit of (-20)/250 + (-770504)/(-50)?
1
Suppose -4*i + 8603 = 3*p, 220*p = 219*p + i + 2863. What is the thousands digit of p?
2
Let h = 13 + -9. Let m = -78 + 36. Let a = h - m. What is the tens digit of a?
4
Let s = 351 - 225. Suppose s + 122 = -2*v + 5*p, 383 = -3*v + 2*p. Let c = -2 - v. What is the tens digit of c?
2
Let t(i) be the first derivative of 5*i**3/3 + 11*i**2/2 + 8*i + 63. What is the hundreds digit of t(-11)?
4
Let m(j) = 55*j + 28. Let w be m(3). Let u = w + 240. What is the tens digit of u?
3
Let g(c) = -89*c + 7. Let s be g(-3). Let r = s - -26. What is the hundreds digit of r?
3
Let r(o) be the first derivative of -17*o**3 - o**2/2 - 2*o + 3. Let t be r(-2). Let d = t + 288. What is the tens digit of d?
8
Let g(u) = u**3 + 8*u**2 - u - 10. Let a be g(-6). Let v = 234 - a. What is the units digit of v?
6
Suppose -18*q - 3336 = -20202. Suppose 5*d - 4*d = -2*k + q, -k = -d - 476. What is the hundreds digit of k?
4
Let m(b) = b**3 - 4*b**2 - 5. Let f be m(4). Let g be -2 + 1 + f/((-10)/168). Let v = g - 45. What is the tens digit of v?
3
Let k(v) = 5539*v**2 - 88*v - 169. What is the ten thousands digit of k(-2)?
2
Let l(h) = 303*h**3 + h**2 - 106*h + 436. What is the hundreds digit of l(4)?
4
Suppose -5*h - p + 6 = p, -2*p = -3*h + 10. Suppose 0*s - h*s = 3*y, -3*s = 3*y